{"id":34,"date":"2014-06-04T12:54:47","date_gmt":"2014-06-04T12:54:47","guid":{"rendered":"http:\/\/www.nuuktaxi.gl\/?page_id=34"},"modified":"2024-02-07T13:04:34","modified_gmt":"2024-02-07T13:04:34","slug":"nyheder","status":"publish","type":"page","link":"http:\/\/www.nuuktaxi.gl\/?page_id=34","title":{"rendered":"Nyheder"},"content":{"rendered":"<p style=\"text-align: right;\"><strong>Nuuk ulloq 31. Januar 2024<\/strong><\/p>\n<p style=\"font-weight: 400;\"><strong>Nuummi mittarfimmut tassanngaanniillu taxat ingerlaarnerinut mittarfiup akiitsui.<\/strong><\/p>\n<p style=\"font-weight: 400;\">Kalaallit Airport matumani Nuuk Taxi nalunarfigaat ulloq 1. maj aallarnerfigalugu Nuummi mittarfiup eqqaanittumut taxat unittarfiannut taxat aqqusaartut tamaasa \u201dMittarfimmut akiitsuutinik\u201d akileeqquneqartalissasut. Maannakkumut Nuummi mittarfimmut tassanngaanniillu qaammammut arlalippassuariarluni Nuuk Taxi taxanik ingerlassereersimavoq. Nuuk Taxip naatsorsuutigaa mittarfittaassaq ammariarpat Nuummi mittarfimmut tassanngaanniillu taxat ingerlaarnerisa amerlassusaat qaffariaateqarumaartut. Nunani Avannarlerni nunanut allanut sanilliullugu \u2013 Kalaallit Nunaanni taxanik ingerlassinernut akit appasippallaarujussuarput. Kalaallit Airport-i \u201dakiitsuutinik\u201d peqqussuteqarniarluni aalajangiippat \u2013 soorunami akigititat qaffakkiartorneranik kinguneqassaaq \u2013 taxat ingerlassinerannut nalinginnaasumik akigititat qaffanneqarnissaannut Nuuk Taxip aalajangersinnaangaluarpaa, taamaasilluni taxat ingerlassinerat akisunerulerluni \u2013 imaluunniit Nuummi mittarfimmut\/tassanngaanniillu toqqaannartumik ingerlassinernik akisunerulersitsisinnaavugut. Nuuk Taxip isumaa\/naliliinera naapertorlugu Nuummi mittarfimmut tassanngaanniillu ingerlassinernut \u201cakigititanik qaffaanikkut\u201d ilaasartutsinnut sunniutikinnerpaassaaq.<\/p>\n<p style=\"font-weight: 400;\">Ulloq 1. maj 2024 aallarnerfigalugu Nuuk Taxip matumunnga peqqussutiginiarpaa mittarfimmut\/tassanngaanniilluunniit taxat ingerlassinerat 20 koruuninik tapeqalernissaat.<\/p>\n<p style=\"font-weight: 400;\">Killormuuanik mittarfiup tikittarfissaa\/aallariartortarfissaa nutaaq illoqarfimmut qaninnerulernissaa qilanaarissavarput \u2013 ingerlassinerlu naannerulissalluni \u2013 taamaattumillu Nuuk Mittarfiullu akornanni taxanik ingerlaarnerup massakkumut akianut assigusumik \u2013 1 koruunimik 2 koruuninilluunniit akikinnerusumik aaqqiissuteqarluta.<\/p>\n<p>&nbsp;<\/p>\n<p>&nbsp;<\/p>\n<p>&nbsp;<\/p>\n<p style=\"font-weight: 400; text-align: right;\"><strong>Nuuk ulloq 1. maj 2023<\/strong><\/p>\n<p style=\"font-weight: 400;\"><strong>\u00a0<\/strong><\/p>\n<p style=\"font-weight: 400;\"><strong>Nuuk Taximi taxanut atortut nutaat akillu qaffarialaarnerat.<\/strong><\/p>\n<p style=\"font-weight: 400;\"><strong>\u00a0<\/strong><\/p>\n<p style=\"font-weight: 400;\">Nuuk Taxi A\/S-mi sapaatip akunnerani kingullermi taxameteritoqqavut nutaanik ullutsinnut naleqquttunik taarsersorlugit aallartippavut.<\/p>\n<p style=\"font-weight: 400;\">Atortorissaarutit nutaat ulloq 1. september 2021-mili atulereerneqalersussaagaluarput. Pissutsillu assigiinngitsut, ilaatigut Corona microchipinillu amigaateqarneq pissutaallutik, taxameterivut nutaat atulernissaat kinguartinneqaqattaarsimavoq.<\/p>\n<p style=\"font-weight: 400;\">Maannali kiisami tassa aallartippugut, taxatsinnullu atortut nutaat ivertissorneri suliarillualereerpavut.<\/p>\n<p style=\"font-weight: 400;\"><strong>\u00a0<\/strong><\/p>\n<p style=\"font-weight: 400;\">Maanna taxat 36 naammassereerput \u2013 taxallu 72-t tamarmik kingusinnerpaamik ullut 14-t ingerlaneranni atortunik nutaanik ivertitsiffigisimanissaat naatsorsuutigaarput.<\/p>\n<p style=\"font-weight: 400;\">Qaammatini marlussunni kingullerni taxami atortuvut qanganitsat ajorteqattaartarsimapput, pisiniarfigisarpullu kimigiiserfigisariaqarsimavarput \u2013 maannalu nutaanik atortoqarluta aqqusinermut avalannissatsinnut kiisami piareerpugut.<\/p>\n<p style=\"font-weight: 400;\">Atortorissaarutit nutaat sullitatsinnik pitsaanerusumik sukkanerusumillu sullissisinnaatitsissasut qularutiginngilarput.<\/p>\n<p style=\"font-weight: 400;\">Ulloq 31. maj 2021 akit aallartiffiat ulluinnarni 1 kr-mik sapaatillu akunnerisa naanerini 3 kr-mik ulloq 1. september 2021 aallarnerfigalugu akitsussasoq nalunaaruteqarpugut.<\/p>\n<p style=\"font-weight: 400;\">Akit qaffariarnerat atortorissaarutitta nutaat atulernerat aallarnerfigalugu pissasoq kissaatigisimavarput \u2013 taamaalillutalu ulloq 1. september 2021 aallarnerfigalugu akit nutaat ATULERSISSANAGIT toqqarparput.<\/p>\n<p style=\"font-weight: 400;\">Atortorissaarutittalu nutaat maanna atulernerat aallarnerfigalugu, akiviusut malillugit akit atuutilersippavut, taakkulu nittartakkakkut quppernitsinni takuneqarsinnaapput.<\/p>\n<p style=\"font-weight: 400;\">Nuuk Taxi kingullermik september 2019-mi akinik qaffaavoq.<\/p>\n<p style=\"font-weight: 400;\">Akit nutaat kinguartinneqarnerannik ingerlaavartumik Nuuk Taxi A\/S-mit nalunaaruteqartannginnerput utoqqatsitsissutigaarput.<\/p>\n<p style=\"font-weight: 400;\">Inussiarnersumik inuulluaqqusillunga<\/p>\n<p style=\"font-weight: 400;\">Janus Eigaard<\/p>\n<p style=\"font-weight: 400;\">Pisortaq Nuuk Taxi A\/S<\/p>\n<p>&nbsp;<\/p>\n<p>&nbsp;<\/p>\n<p>&nbsp;<\/p>\n<p>&nbsp;<\/p>\n<p>&nbsp;<\/p>\n<p>&nbsp;<\/p>\n<p style=\"text-align: right;\"><strong>Nuuk <\/strong>31.05.21<\/p>\n<p><strong>\u00a0<\/strong><\/p>\n<p><strong>Nuuk Taxi-mi akinik allannguineq. <\/strong><\/p>\n<p>Ulloq 1. septembari 2021 aallarnerfigalugu akit imatut ilissapput:<\/p>\n<p>&nbsp;<\/p>\n<p>&nbsp;<\/p>\n<p><strong>Taxa nalinginnaasoq:<\/strong><\/p>\n<p>Amerlanerpaamik sisamanik ilaasoqarsinnaavoq.<\/p>\n<p>Taxanut nalinginnaasunut akit assigiinngitsut 4-t pigivavut.<\/p>\n<p>&nbsp;<\/p>\n<p><strong>Takst 1: Ulluunerani aki <\/strong>07:00 \u2013 17:00, ataasinngornermiit tallimanngornermut.<\/p>\n<p><strong>Takst 2: Unnukkut aki <\/strong>17:00 \u2013 23:00, ataasinngornermiit sisamanngornermut<\/p>\n<p><strong>Takst 3: Unnuami aki <\/strong>23:00 \u2013 07:00, marlunngornerup unnuaaniit tallimanngornermut unnuaa ilanngullugu.<\/p>\n<p><strong>Takst 4: Sapaatip akunnerata naanerani aki,<\/strong> tallimanngornermi nal. 17.00-miit ataasinngornermi ullaakkut nal. 07.00 tungaanut, kiisalu naliuttuni, atortarpoq.<\/p>\n<p>.<\/p>\n<p>&nbsp;<\/p>\n<table>\n<tbody>\n<tr>\n<td width=\"128\"><\/td>\n<td width=\"128\"><strong>Takst 1<\/strong><\/td>\n<td width=\"128\"><strong>Takst 2<\/strong><\/td>\n<td width=\"128\"><strong>Takst 3<\/strong><\/td>\n<td width=\"128\"><strong>Takst 4<\/strong><\/td>\n<\/tr>\n<tr>\n<td width=\"128\"><strong>Aki aallartiffiusoq<\/strong><\/td>\n<td width=\"128\">Kr. 24<\/td>\n<td width=\"128\">Kr. 24<\/td>\n<td width=\"128\">Kr. 24<\/td>\n<td width=\"128\">Kr. 26<\/td>\n<\/tr>\n<tr>\n<td width=\"128\"><strong>Kilometerimut aki<\/strong><\/td>\n<td width=\"128\">Kr. 18 pr. km<\/td>\n<td width=\"128\">Kr. 20 pr. km<\/td>\n<td width=\"128\">Kr. 22 pr. km<\/td>\n<td width=\"128\">Kr. 22 pr. km<\/td>\n<\/tr>\n<tr>\n<td width=\"128\"><strong>Utaqqineq<\/strong><\/td>\n<td colspan=\"4\" width=\"513\">Piffissaq apeqqutaatinnagu akunnermut 350 kr.<\/td>\n<\/tr>\n<\/tbody>\n<\/table>\n<p>&nbsp;<\/p>\n<p>&nbsp;<\/p>\n<p>&nbsp;<\/p>\n<p><strong>Taxa angisooq, 7-inik ilaasoqarsinnaasoq<\/strong><\/p>\n<p>Ilaasut amerlanerpaamik 7-it laasorineqarsinnaapput. Ilaasut sisamaasimappata ikinnerullutilluunniit nalinginnaasumik aki atortinneqassaaq.<\/p>\n<p>Taxanut angisuunut akit assigiinngitsut sisamaapput.<\/p>\n<p>&nbsp;<\/p>\n<p><strong>Takst 5: Ulluunerani aki <\/strong>07:00 \u2013 17:00, ataasinngornermiit tallimanngornermut.<\/p>\n<p><strong>Takst 6: Unnukkut aki <\/strong>17:00 \u2013 23:00, ataasinngornermiit sisamanngornermut<\/p>\n<p><strong>Takst 7: Unnuami aki <\/strong>23:00 \u2013 07:00, Marlunngornerup unnuaaniit tallimanngornerup unnuaa ilanngullugu.<\/p>\n<p><strong>Takst 8: Sapaatip akunnerata naanerani aki,<\/strong> aallartittarpoq tallimanngornermi nal. 17.00 ataasinngornermi ullaakkut nal. 07.00, kiisalu nalliuttuni.<\/p>\n<p>&nbsp;<\/p>\n<table>\n<tbody>\n<tr>\n<td width=\"128\"><\/td>\n<td width=\"128\"><strong>Takst 5<\/strong><\/td>\n<td width=\"128\"><strong>Takst 6<\/strong><\/td>\n<td width=\"128\"><strong>Takst 7<\/strong><\/td>\n<td width=\"128\"><strong>Takst 8<\/strong><\/td>\n<\/tr>\n<tr>\n<td width=\"128\"><strong>Aallartinnermi aki<\/strong><\/td>\n<td width=\"128\">Kr. 39<\/td>\n<td width=\"128\">Kr. 39<\/td>\n<td width=\"128\">Kr. 39<\/td>\n<td width=\"128\">Kr. 41<\/td>\n<\/tr>\n<tr>\n<td width=\"128\"><strong>Kilometerimut aki<\/strong><\/td>\n<td width=\"128\">Kr. 33 pr. km<\/td>\n<td width=\"128\">Kr. 35 pr. km<\/td>\n<td width=\"128\">Kr. 37 pr. km<\/td>\n<td width=\"128\">Kr. 37 pr. km<\/td>\n<\/tr>\n<tr>\n<td width=\"128\"><strong>Utaqqineq<\/strong><\/td>\n<td colspan=\"4\" width=\"513\">Piffissaq apeqqutaatinnagu akunnermut 350 kr.<\/td>\n<\/tr>\n<\/tbody>\n<\/table>\n<p>&nbsp;<\/p>\n<p>&nbsp;<\/p>\n<p>&#8212;&#8212;&#8212;&#8212;&#8212;&#8212;&#8212;&#8212;&#8212;&#8212;&#8212;&#8212;&#8212;&#8212;&#8212;&#8212;&#8212;&#8212;&#8212;&#8212;&#8212;&#8212;&#8212;&#8212;&#8212;&#8212;&#8212;&#8212;&#8212;&#8212;-<\/p>\n<p style=\"text-align: right;\"><strong>Nuuk den 31. Januar \u00a02024<\/strong><\/p>\n<p style=\"font-weight: 400;\"><strong>Lufthavnsgebyr p\u00e5 taxature til og fra Nuuk Lufthavn.<\/strong><\/p>\n<p style=\"font-weight: 400;\">Kalaallit Airport her meddelt Nuuk Taxi, at de med virkning pr. 1 maj 2024 vil opkr\u00e6ve en \u201dLufthavnsafgift\u201d for hver gang en taxa k\u00f8rer ind p\u00e5 Taxapladsen ved Nuuk Lufthavn. Allerede i dag har Nuuk Taxi, hver m\u00e5ned flere tusinde taxature til og fra Nuuk Lufthavn. \u00a0Nuuk Taxi har en forventning om at taxature til og fra Nuuk Lufthavn kun vil stige i antal efter \u00e5bningen af den nye lufthavn. Sammenlignet med de andre lande i Norden \u2013 ligger priserne for taxik\u00f8rsel i Gr\u00f8nland p\u00e5 et meget lavt niveau. N\u00e5r Kalaallit Airport v\u00e6lger at p\u00e5l\u00e6gge \u201dafgifter\u201d p\u00e5 taxature til\/fra lufthavnen \u2013 Betyder det selvf\u00f8lgelig stigende takster \u2013 Nuuk Taxi kunne v\u00e6lge, at lave en generel Takststigning p\u00e5 taxik\u00f8rsel, s\u00e5 alle taxature blev dyrere \u2013 eller vi kan v\u00e6lge at rettet stigningen direkte p\u00e5 turerne til\/fra Nuuk Lufthavn. Det er Nuuk Taxi\u00b4s opfattelse\/vurdering at vi rammer vores kunder mindst muligt ved at lave \u201dtakststigningen\u201d p\u00e5 turer der g\u00e5r til og fra Nuuk Lufthavn.<\/p>\n<p style=\"font-weight: 400;\">Med virkning pr. 1 maj 2024 vil Nuuk Taxi herefter p\u00e5l\u00e6gge taxature til\/fra lufthavnen et till\u00e6g p\u00e5 kr. 20,- pr. tur.<\/p>\n<p style=\"font-weight: 400;\">I den anden retning m\u00e5 vi s\u00e5 gl\u00e6de os over at den nye lufthavnsterminal ligger t\u00e6ttere p\u00e5 byen \u2013 og turen derved bliver kortere \u2013 hvorfor vi reelt ender ud med en pris p\u00e5 en taxatur mellem Nuuk og Lufthavnen der er meget lig den nuv\u00e6rende pris \u2013 og m\u00e5ske faktisk 1 krone eller 2 billigere.<\/p>\n<p>&nbsp;<\/p>\n<p>&nbsp;<\/p>\n<p>&nbsp;<\/p>\n<p>&nbsp;<\/p>\n<p>&nbsp;<\/p>\n<p style=\"font-weight: 400; text-align: right;\"><strong>Nuuk den 1. maj 2023<\/strong><\/p>\n<p style=\"font-weight: 400;\"><strong>\u00a0<\/strong><\/p>\n<p style=\"font-weight: 400;\"><strong>Nyt Taxaudstyr hos Nuuk Taxi og en lille takststigning.<\/strong><strong>\u00a0<\/strong><\/p>\n<p style=\"font-weight: 400;\">I Nuuk Taxi A\/S er vi i sidste uge g\u00e5et i gang med at udskifte vores gamle taxametersystem med et nyt og tidssvarende system.<\/p>\n<p style=\"font-weight: 400;\">Det nye system skulle oprindeligt have v\u00e6ret taget i brug pr. 1. september 2021. Men af forskellige \u00e5rsager blandt andet Corona og mangel p\u00e5 microtips er vores nye taxametersystem gentagende gange blevet forsinket.<\/p>\n<p style=\"font-weight: 400;\">Men endelig er vi kommet i m\u00e5l og er nu i fuld gang med, at montere vores vogne med det nye udstyr.<\/p>\n<p style=\"font-weight: 400;\"><strong>\u00a0<\/strong><\/p>\n<p style=\"font-weight: 400;\">Vi har allerede monteret 36 vogne \u2013 og vi forventer at alle 72 vogne er monteret med det nye udstyr inden for max 14 dage.<\/p>\n<p style=\"font-weight: 400;\">De sidste par m\u00e5neder har vores gamle taxaudstyr haft flere nedbrud og vi har m\u00e5tte presse vores leverand\u00f8rer p\u00e5 at komme i m\u00e5l \u2013 og endelig er vi nu klar til at k\u00f8re p\u00e5 gaden med det nye udstyr.<\/p>\n<p style=\"font-weight: 400;\">Vi er sikre p\u00e5 at de nye udstyr vil v\u00e6re med til, at vi kan give en bedre og hurtige betjening af vores kunder.<\/p>\n<p style=\"font-weight: 400;\">Den 31. maj 2021 meldte vi ud at vores starttaks ville stige 1 kr. i hverdagene og 3 kr. i weekenden pr. 1. september 2021 \u2013<\/p>\n<p style=\"font-weight: 400;\">Det var vores \u00f8nske at denne takst\u00e6ndring skulle komme i forbindelse med ibrugtagelsen af det nye udstyr \u2013 og vi valgte s\u00e5ledes IKKE at k\u00f8re efter de nye takster fra den 1. september 2021<\/p>\n<p style=\"font-weight: 400;\">Nu hvor vi s\u00e5 endelig er kommet i m\u00e5l med det nye udstyr begynder vi, at k\u00f8re efter de takster som reelt er g\u00e6ldende takster jfr. vores hjemmeside.<\/p>\n<p style=\"font-weight: 400;\">Sidst der var taksforh\u00f8jelse hos Nuuk Taxi var tilbage i September 2019 \u2013<\/p>\n<p style=\"font-weight: 400;\">Nuuk Taxi A\/S skal beklage, at vi ikke l\u00f8bende har orienteret om udskydelsen af de nye takster.<\/p>\n<p style=\"font-weight: 400;\">Mvh<\/p>\n<p style=\"font-weight: 400;\">Janus Eigaard<\/p>\n<p style=\"font-weight: 400;\">Direkt\u00f8r Nuuk Taxi A\/S<\/p>\n<p style=\"font-weight: 400;\"><strong>\u00a0<\/strong><\/p>\n<p>&nbsp;<\/p>\n<p style=\"text-align: right;\"><strong>Nuuk <\/strong>31.05.21<\/p>\n<p><strong>Takst\u00e6ndring hos Nuuk Taxi. <\/strong><\/p>\n<p>&nbsp;<\/p>\n<p>Pr. 1. september 2021 vil taksterne v\u00e6re som f\u00f8lgende:<\/p>\n<p>&nbsp;<\/p>\n<p><strong>Almindelig taxa:<\/strong><\/p>\n<p>&nbsp;<\/p>\n<p>Der m\u00e5 maksimalt medtages 4 passagerer.<\/p>\n<p>For almindelig taxa har vi 4 forskellige takster.<\/p>\n<p>&nbsp;<\/p>\n<p><strong>Takst 1: Dagtakst <\/strong>07:00 \u2013 17:00, mandag til fredag.<\/p>\n<p><strong>Takst 2: Aftentakst <\/strong>17:00 \u2013 23:00, mandag til torsdag<\/p>\n<p><strong>Takst 3: Nattakst <\/strong>23:00 \u2013 07:00, Fra natten til tirsdag, til og med natten til fredag.<\/p>\n<p><strong>Takst 4: Weekendtakst,<\/strong> startende fredag kl. 1700 frem til mandag morgen kl. 0700, samt<\/p>\n<p>helligdage.<\/p>\n<p>&nbsp;<\/p>\n<table>\n<tbody>\n<tr>\n<td width=\"128\"><\/td>\n<td width=\"128\"><strong>Takst 1<\/strong><\/td>\n<td width=\"128\"><strong>Takst 2<\/strong><\/td>\n<td width=\"128\"><strong>Takst 3<\/strong><\/td>\n<td width=\"128\"><strong>Takst 4<\/strong><\/td>\n<\/tr>\n<tr>\n<td width=\"128\"><strong>Starttakst<\/strong><\/td>\n<td width=\"128\">Kr. 24<\/td>\n<td width=\"128\">Kr. 24<\/td>\n<td width=\"128\">Kr. 24<\/td>\n<td width=\"128\">Kr. 26<\/td>\n<\/tr>\n<tr>\n<td width=\"128\"><strong>Kilometertakst<\/strong><\/td>\n<td width=\"128\">Kr. 18 pr. km<\/td>\n<td width=\"128\">Kr. 20 pr. km<\/td>\n<td width=\"128\">Kr. 22 pr. km<\/td>\n<td width=\"128\">Kr. 22 pr. km<\/td>\n<\/tr>\n<tr>\n<td width=\"128\"><strong>Ventetid<\/strong><\/td>\n<td colspan=\"4\" width=\"513\">Uanset tidspunkt kr. 350 kr.\/time.<\/td>\n<\/tr>\n<\/tbody>\n<\/table>\n<p>&nbsp;<\/p>\n<p>&nbsp;<\/p>\n<p>&nbsp;<\/p>\n<p><strong>Stor taxa, op til 7 passagerer<\/strong><\/p>\n<p>Der m\u00e5 maksimalt medtages 7 passagerer. Hvis der er 4 passagerer eller mindre g\u00e6lder taksten for almindelig taxa.<\/p>\n<p>&nbsp;<\/p>\n<p>For stor taxa har vi 4 forskellige takster.<\/p>\n<p><strong>Takst 5: Dagtakst <\/strong>07:00 \u2013 17:00, mandag til fredag.<\/p>\n<p><strong>Takst 6: Aftentakst <\/strong>17:00 \u2013 23:00, mandag til torsdag<\/p>\n<p><strong>Takst 7: Nattakst <\/strong>23:00 \u2013 07:00, Fra natten til tirsdag, til og med natten til fredag.<\/p>\n<p><strong>Takst 8: Weekendtakst,<\/strong> startende fredag kl. 1700 frem til mandag morgen kl. 0700, samt<\/p>\n<p>helligdage.<\/p>\n<p>&nbsp;<\/p>\n<table>\n<tbody>\n<tr>\n<td width=\"128\"><\/td>\n<td width=\"128\"><strong>Takst 5<\/strong><\/td>\n<td width=\"128\"><strong>Takst 6<\/strong><\/td>\n<td width=\"128\"><strong>Takst 7<\/strong><\/td>\n<td width=\"128\"><strong>Takst 8<\/strong><\/td>\n<\/tr>\n<tr>\n<td width=\"128\"><strong>Starttakst<\/strong><\/td>\n<td width=\"128\">Kr. 39<\/td>\n<td width=\"128\">Kr. 39<\/td>\n<td width=\"128\">Kr. 39<\/td>\n<td width=\"128\">Kr. 41<\/td>\n<\/tr>\n<tr>\n<td width=\"128\"><strong>Kilometertakst<\/strong><\/td>\n<td width=\"128\">Kr. 33 pr. km<\/td>\n<td width=\"128\">Kr. 35 pr. km<\/td>\n<td width=\"128\">Kr. 37 pr. km<\/td>\n<td width=\"128\">Kr. 37 pr. km<\/td>\n<\/tr>\n<tr>\n<td width=\"128\"><strong>Ventetid<\/strong><\/td>\n<td colspan=\"4\" width=\"513\">Uanset tidspunkt kr. 350 kr.\/time.<\/td>\n<\/tr>\n<\/tbody>\n<\/table>\n<p>&nbsp;<\/p>\n<p>&nbsp;<\/p>\n<p>&#8211; &#8211; &#8211; &#8211; &#8211; &#8211; &#8211; &#8211; &#8211; &#8211; &#8211; &#8211; &#8211; &#8211; &#8211; &#8211; &#8211; &#8211; &#8211; &#8211; &#8211; &#8211; &#8211; &#8211; &#8211; &#8211; &#8211; &#8211; &#8211; &#8211; &#8211; &#8211; &#8211; &#8211; &#8211; &#8211; &#8211; &#8211; &#8211; &#8211; &#8211; &#8211; &#8211; &#8211; &#8211; &#8211; &#8211; &#8211; &#8211; &#8211; &#8211; &#8211; &#8211; &#8211; &#8211;<\/p>\n<p>Se nyheder, historier m.m. p\u00e5 vores facebook side:<\/p>\n<p><a href=\"https:\/\/www.facebook.com\/pages\/Nuuk-Taxi-AS-Gr\u00f8nlands-bedste-og-st\u00f8rste-taxaselskab\/183454288337997?notif_t=fbpage_fan_invite\" target=\"_blank\" rel=\"noopener noreferrer\"><img loading=\"lazy\" decoding=\"async\" class=\"alignnone wp-image-84\" src=\"http:\/\/www.nuuktaxi.gl\/wp-content\/uploads\/2014\/06\/facebook-logo-300x300.jpg\" alt=\"facebook-logo\" width=\"81\" height=\"81\" srcset=\"http:\/\/www.nuuktaxi.gl\/wp-content\/uploads\/2014\/06\/facebook-logo-300x300.jpg 300w, http:\/\/www.nuuktaxi.gl\/wp-content\/uploads\/2014\/06\/facebook-logo-150x150.jpg 150w, http:\/\/www.nuuktaxi.gl\/wp-content\/uploads\/2014\/06\/facebook-logo-100x100.jpg 100w, http:\/\/www.nuuktaxi.gl\/wp-content\/uploads\/2014\/06\/facebook-logo-50x50.jpg 50w, http:\/\/www.nuuktaxi.gl\/wp-content\/uploads\/2014\/06\/facebook-logo-220x220.jpg 220w, http:\/\/www.nuuktaxi.gl\/wp-content\/uploads\/2014\/06\/facebook-logo.jpg 350w\" sizes=\"auto, (max-width: 81px) 100vw, 81px\" \/><\/a><\/p>\n","protected":false},"excerpt":{"rendered":"<p>Nuuk ulloq 31. Januar 2024 Nuummi mittarfimmut tassanngaanniillu taxat ingerlaarnerinut mittarfiup akiitsui. Kalaallit Airport matumani Nuuk Taxi nalunarfigaat ulloq 1. maj aallarnerfigalugu Nuummi mittarfiup eqqaanittumut taxat unittarfiannut taxat aqqusaartut tamaasa \u201dMittarfimmut akiitsuutinik\u201d akileeqquneqartalissasut. Maannakkumut Nuummi mittarfimmut tassanngaanniillu qaammammut arlalippassuariarluni Nuuk Taxi taxanik ingerlassereersimavoq. Nuuk Taxip naatsorsuutigaa mittarfittaassaq ammariarpat Nuummi mittarfimmut tassanngaanniillu taxat ingerlaarnerisa amerlassusaat qaffariaateqarumaartut. [&hellip;]<\/p>\n","protected":false},"author":1,"featured_media":0,"parent":0,"menu_order":0,"comment_status":"closed","ping_status":"closed","template":"","meta":{"footnotes":""},"class_list":["post-34","page","type-page","status-publish","hentry"],"_links":{"self":[{"href":"http:\/\/www.nuuktaxi.gl\/index.php?rest_route=\/wp\/v2\/pages\/34","targetHints":{"allow":["GET"]}}],"collection":[{"href":"http:\/\/www.nuuktaxi.gl\/index.php?rest_route=\/wp\/v2\/pages"}],"about":[{"href":"http:\/\/www.nuuktaxi.gl\/index.php?rest_route=\/wp\/v2\/types\/page"}],"author":[{"embeddable":true,"href":"http:\/\/www.nuuktaxi.gl\/index.php?rest_route=\/wp\/v2\/users\/1"}],"replies":[{"embeddable":true,"href":"http:\/\/www.nuuktaxi.gl\/index.php?rest_route=%2Fwp%2Fv2%2Fcomments&post=34"}],"version-history":[{"count":24,"href":"http:\/\/www.nuuktaxi.gl\/index.php?rest_route=\/wp\/v2\/pages\/34\/revisions"}],"predecessor-version":[{"id":142,"href":"http:\/\/www.nuuktaxi.gl\/index.php?rest_route=\/wp\/v2\/pages\/34\/revisions\/142"}],"wp:attachment":[{"href":"http:\/\/www.nuuktaxi.gl\/index.php?rest_route=%2Fwp%2Fv2%2Fmedia&parent=34"}],"curies":[{"name":"wp","href":"https:\/\/api.w.org\/{rel}","templated":true}]}}